) = -i**3 - 8*i**2 - 7*i - 8. Determine b(h).
-8
Let n(u) = -u + 11*u**2 + u**3 + 9 - 23*u**3 + 12*u**3 + 9*u**3. What is n(11)?
-2
Let v(r) = 1 + 1 + 0*r - 2*r. Suppose -2*o - o = 3*b - 15, 0 = 5*o + b - 13. Give v(o).
-2
Let z be (-13 - -7)*(-6)/4. Suppose l + z = 16. Let r(v) = -v + 2. What is r(l)?
-5
Let o be 1 - (-7)/1 - 3. Suppose -o*s + 25 = -0*s. Let u(p) = p**2 - 3*p - 4. Calculate u(s).
6
Let g(s) = -s. Suppose 5*c - 14 = -3*r, 5*c - 3*c = 5*r + 18. Suppose -3*k + 0*y + 4*y = 14, -5*y = -c*k - 17. Calculate g(k).
-2
Let s(n) = n. Let h be s(4). Let d be (2 - h)/((-5)/(-15)). Let t(z) = z**3 + 6*z**2 + z + 5. What is t(d)?
-1
Let a be (-2)/(-4) - (-1)/(-6). Let m(g) be the third derivative of 0*g + g**2 + 1/120*g**6 + 1/24*g**4 - 1/60*g**5 + 0 + a*g**3. Give m(0).
2
Let k(r) = 5*r**2 + 123*r**3 + 56*r - 122*r**3 + 2 - 63*r. Suppose -3*s + 2*y - 6*y + 106 = 0, -4*s - 5*y + 140 = 0. Suppose 0 = -5*o - 0*o - s. Calculate k(o).
8
Let f(p) = p + 2*p + 4 + 0. Let k(c) = -c - 10. Let w be k(-7). Determine f(w).
-5
Let u be -4 + (-4 - -3) + -2. Let p(b) = -b + 5. What is p(u)?
12
Let p(r) = 15*r - 32*r + 16*r - 1. What is p(-7)?
6
Let t(p) = 2*p - 9. Let x be t(6). Let w(d) = 0 + 2 - x*d - 3*d + 2*d. Determine w(-2).
10
Let l(c) = -7*c - 6*c**2 + 3*c**2 + c**3 - 6*c**2 + 1 - 3*c. What is l(10)?
1
Let r(o) = -o**3 - 5*o**2 - 5*o - 4. Let a(d) = d**3 + 6*d**2 + 7*d + 6. Let g(c) = -c**2 + c - 5. Let j be g(0). Let p be a(j). Determine r(p).
0
Let f(j) = -j**2 + 8*j - 5. Let m = -78 + 84. Calculate f(m).
7
Let u(p) = 1. Let n(z) = -z. Let s(w) = -n(w) + 6*u(w). Let b be s(-5). Let t(d) = -b - 2 - 5 - 2 - d. Calculate t(-5).
-5
Let m(r) = -8*r**2 + 5*r + 5. Let q(j) = -8*j**2 + 6*j + 6. Suppose 3 = c - 3. Suppose -36 + c = 5*o. Let a(v) = o*m(v) + 5*q(v). What is a(-1)?
8
Let l = -98 - -94. Let z(s) be the second derivative of -s**5/20 - s**4/4 + s**3 + 5*s**2/2 - s. Calculate z(l).
-3
Let b(a) be the first derivative of -2*a**2 + 17*a**3 - 3*a - 12*a**3 + 2 - 6*a**3. Calculate b(-2).
-7
Let v(a) = a**3 - 3*a**2 - a - 3. Suppose 3*z = -0*z + 3. Suppose -m = -7 - z. Let y = -5 + m. Give v(y).
-6
Let z(y) = 2 + 3 - 4. Let n(f) = -2*f - 10. Let j(h) = -n(h) - 6*z(h). Suppose 5 = 3*l + 17. Determine j(l).
-4
Let k(h) be the first derivative of -3*h**2/2 + 65. Suppose 0 = -0*z + 2*z - 12. Suppose w + 2*w = z. What is k(w)?
-6
Let k = -44 - -46. Let o(u) = u**3 - 2. Determine o(k).
6
Suppose 0 = -0*t - 2*t - 6. Let b(g) = g**3 + 4*g**2 + g - 1. Give b(t).
5
Let b(h) = 68 - 73 - h + 2*h. Calculate b(0).
-5
Let o(l) = -l + 2. Let p be o(0). Let a(z) = -4*z**3 + z + 3*z**3 + 23*z**2 - 1 - 20*z**p. What is a(3)?
2
Let l(r) = -r + 7. Let h be l(-7). Let g(u) = -u - 4. Let o(t) = 3*t + 13. Let z(f) = h*g(f) + 4*o(f). Calculate z(-3).
2
Suppose 4*s = 9 + 3. Let d = 10 - 2. Suppose -d = -s*a - 2. Let n(u) = u**2 - u - 2. Give n(a).
0
Let p(g) = -g**2 - 2*g + 1. Suppose 0 = 5*q - 11 + 31. What is p(q)?
-7
Let m(h) = -7*h**3. Let f be 36/(-63) - (-3)/(-7). Calculate m(f).
7
Let d(z) = -z**2 + 1 - z**2 - 4*z**3 - z**3. Let w be d(-1). Let n(b) = -b**3 + 4*b**2 - 3. Give n(w).
-3
Let j(w) = 2*w - 7. Let x(b) = 2*b - 7. Let v(g) = 3*j(g) - 2*x(g). Determine v(5).
3
Let b(w) = 5*w**2 - 3*w + 7. Let q(h) = -4*h**2 + 3*h - 6. Let u(m) = 3*b(m) + 4*q(m). Suppose -29 = -j - 5*v, -3*v + 11 = -2*j + j. Give u(j).
-7
Let f be 4/(-2)*9/6. Let o(c) = 3*c - 6. Let l be o(3). Let g = f - l. Let h(r) = -r + 3. Calculate h(g).
9
Let h(b) = b**3 + 8*b**2 + 5*b - 8. Suppose -4 = a - 0*a + 3*m, 26 = -4*a - 2*m. Determine h(a).
6
Let o(j) = -j. Let b be o(-5). Suppose -2*c = 3 - 13. Let l = b - c. Let x(k) = -k**2 - k + 1. Give x(l).
1
Suppose 4*r + r = 20. Suppose g + 2*t + 2 + 1 = 0, -21 = r*g - t. Let f = 7 + g. Let q(j) = 2*j. What is q(f)?
4
Let d be ((-8)/(-12))/((-1)/(-36)). Suppose 3*g - g = d. Let s be (-2)/8 - (-3)/g. Let w(l) = -l**3 - l - 11. Calculate w(s).
-11
Let k(z) be the first derivative of -z**3/6 - z**2/2 - 2*z + 2. Let w(l) be the first derivative of k(l). Calculate w(-3).
2
Let k = 16 - 15. Let l(s) = -k + 2*s**2 + 6*s - 3*s**2 + 1. What is l(3)?
9
Let i(a) = a**3 - 4*a**2 + 2*a + 2. Let n(x) = -2*x - 4. Let m be n(-5). Let c be (5/2)/(m/12). Suppose 0*q - 2*s = c*q - 17, -5*s = 5*q - 20. Give i(q).
-1
Let n(z) = -z**2 + 6*z - 7. Let m be ((-2)/(-4)*-10)/(-1). What is n(m)?
-2
Let g(p) be the second derivative of p**4/12 + 15*p. What is g(-3)?
9
Let l be ((-6)/10)/((-10)/50). Let q(p) = 45 + 4*p - 38 - l*p. What is q(-5)?
2
Let m = -7 + 9. Let f(c) = -8*c + 9 - 2*c**2 + c**2 + m*c**2. What is f(6)?
-3
Let b(f) = 0 + 14*f**2 + 1 - 2*f - 13*f**2. What is b(1)?
0
Let v be 48/(-9) + 4/(-6). Let q be ((-4)/3)/(v/9). Let b(f) = 5 - q - 7*f**2 + 3*f - 5*f - 4. Calculate b(-1).
-6
Let j(n) = -n**3 + 2*n. Let r = -32 + 30. Give j(r).
4
Let u(g) be the third derivative of -4*g**2 + 0*g + 1/24*g**4 + 0*g**3 + 0 - 1/10*g**5. Determine u(1).
-5
Let o be (1/3)/((-5)/(-15)). Let r(p) = p + o + 1 + 0. Calculate r(-6).
-4
Let y(h) = h**2 - 16*h + 23. Let w be y(14). Let g(k) = -2*k - 7. What is g(w)?
3
Let i(q) be the first derivative of -q**2 - q - 1. Let k = -9 + 13. Give i(k).
-9
Let u = 133 - 132. Let h(x) = x**2 + 6*x + 2. Let c be h(-6). Let v(b) = b - 2 + 3 - 2 - 2*b**c. Determine v(u).
-2
Let c(q) = 9*q**2 + 7*q + 4. Let j(o) = -4*o**2 - 3*o - 2. Let v(f) = 6*c(f) + 13*j(f). Calculate v(2).
12
Let z = 3 - 6. Suppose 2*t = -2*k - 6, -3*k + 2*t = t - 11. Let y(l) = -k + 4 - 2*l + l. Calculate y(z).
5
Suppose -4*u + 30 = u. Suppose 4*j + 16 = 2*y + u, j = 2*y - 4. Let w(l) = -l**2 - 3*l + 1. Determine w(j).
3
Suppose -h + 2*h - 4 = 0. Let s(f) = f. Calculate s(h).
4
Let t(s) = s + 1. Let g = -5 + 5. Suppose -c = 3 - g. What is t(c)?
-2
Let q = -1 + 1. Let p(j) = 2 + 5 + j**2 - 2*j**2 - 8. What is p(q)?
-1
Let a(f) = -f + 1. Let q(g) = -6*g + 2. Suppose 2*m - 4 = -0*m. Let k(w) = m*q(w) - 10*a(w). Calculate k(-4).
2
Let s(v) be the second derivative of -1/12*v**4 - 1/2*v**2 - 1/6*v**3 + v + 0. Give s(-2).
-3
Let q(l) be the third derivative of -l**6/120 - l**5/10 - 5*l**4/24 - l**3/6 - 3*l**2. Give q(-5).
-1
Let p(o) = -2*o + 1. Let d be (-1)/4 - (-7)/(-4). Let h be 3 - (d - 0 - 0). Suppose h - 13 = -4*u. Give p(u).
-3
Let c be 12/4 + 1 + -12. Let p(s) = s + 8. Determine p(c).
0
Let c be (-6*(-4)/30)/((-6)/15). Let i(k) = -k**2 - 2*k - 1. Determine i(c).
-1
Suppose 2*b = 2*p - b - 17, -p - 3*b = 5. Suppose p*s - 3 = 9. Let l = s + -4. Let y(z) = -7*z - 1. Determine y(l).
6
Suppose -l + 6*l - 20 = 0. Let z(k) = -1 + k + l - 3 + 1. Let q be -4 + 2 - (0 - -1). Calculate z(q).
-2
Let q(x) be the second derivative of -x**2 - x. Let a(f) = 4*f - 2 - 4*f + f. Let y(l) = -2*a(l) + 3*q(l). Determine y(3).
-8
Let k(u) = -u**2 + 7*u + 8. Let n = -123 + 129. Give k(n).
14
Suppose 3*t + 2 = t. Let w = 0 + t. Let q be (w - 2)/(6/4). Let k(p) = p**3 + 3*p**2 - 2*p - 2. Determine k(q).
6
Let l(i) = 4*i**2 - 10*i - 5. Let z(u) = -9*u**2 + 22*u + 9. Let o(f) = -5*l(f) - 2*z(f). Determine o(5).
-13
Suppose -5*q + 3*q = -4. Let l(c) = q*c**2 - 4*c + 2*c**2 + c**3 + 2*c + 2 - 6*c**2. Determine l(2).
-2
Let u(b) = -b + 1. Let p = 4 + -8. What is u(p)?
5
Let p(t) = -12*t**3 - 5*t**2 + 4*t - 3. Let u(k) = k**3 + k**2 - k + 1. Let y(a) = -p(a) - 4*u(a). Suppose 0 - 2 = -2*z. Give y(z).
8
Let s(v) be the second derivative of -v**4/12 + 4*v**3/3 - 3*v**2/2 - 3*v. Calculate s(7).
4
Let h(a) = 2*a - 5 + a + 4*a - 6*a. Determine h(4).
-1
Let r(x) = -x**2 - 3*x - 8. Let a(i) = i**2 + 3*i + 8. Let v(o) = -3*a(o) - 4*r(o). Calculate v(-6).
26
Let a be 3*(3 + (-2)/2). Let g(h) be the second derivative of h**5/20 - 7*h**4/12 + h**3 + 3*h**2 - 47*h. Determine g(a).
6
Let b(m) = -m - 1. Let p be b(4). Let h(z) be the second derivative of z**5/20 + z**4/2 + z**3 + 7*z**2/2 - 2*z. Give h(p).
2
Suppose 40 = 4*l + 20. Let k(b) = b**3 + 0*b**2 - 5*b**2 + 4 - 1 + b. What is k(l)?
8
Let q(o) = 16*o**2 - 3*o + 7. Let h(r) = 8*r**2 - 2*r + 4. Let y(s) = 5*h(s) - 3*q(s). Let l = -31 + 30. What is y(l)?
-8
Let b be 3 - (-1 - -1 - -2). Let w be -1 - (-12)/(b + 2). Let l(v) = -v**2 + 2*v + 1. Give l(w).
-2
Suppose 5*v = -0*v - s + 18, 0 = -v - 5*s + 18. Let t(h) = -21*h - 2 + 22*h + v. What is t(-3)?
-2
Let r(p) = 1